*4/4 + u**3/3 - u + 3. Let z be s(1). Suppose z = 4*c + 1. What is the units digit of c?
0
Let d(x) = x + 9. Let g be d(-8). Let l be 6/(-3) - (-30)/g. What is the units digit of l/2 + (3 - 1)?
6
Suppose 4 = -5*m - w, 1 = 5*m + 2*w + 9. Suppose -3*l + 15 - 3 = m. What is the units digit of l?
4
Let v(c) = -1. Let w(u) = -u**3 + 8*u**2 - 5*u - 2. Let k(z) = 3*v(z) + w(z). What is the units digit of k(7)?
9
Suppose 3*c = -g - 4, 0*c = 3*g - c - 8. Suppose 3*k - 34 = 4*l, k - 4 + 6 = -g*l. What is the units digit of k?
6
Let l(h) = -h - 3*h**2 - h**3 - 6 - 3*h + 2*h**2 - 3*h**2. What is the tens digit of l(-4)?
1
Suppose -2*g + 168 = 4*b, -14 = -4*g + b + 295. What is the tens digit of g?
7
What is the units digit of (57 + -2)*112/35?
6
Suppose 0 = -15*d + 11*d + 284. What is the units digit of d?
1
What is the units digit of 21/((-9)/6 + 2)?
2
Let a = -9 - -21. Suppose 5*l + 4*d = 8, -4*d + 6 = -5*l - d. What is the units digit of (a - l)*14/21?
8
Let q = 0 + 3. Suppose -2*t - q = 11. Let v = 22 + t. What is the units digit of v?
5
Let i(c) = -c**3 - 2*c**2 + 13*c + 12. What is the tens digit of i(-7)?
6
Suppose 3 = -c + 2*u, -u + 0*u = -3*c + 6. Let q(j) = j**3 + j - 3. What is the units digit of q(c)?
7
Suppose -x = 2*q - 56, -5*q = -5*x - 0*x - 155. Suppose -5*u + q = 3*z, -4*u + 17 = 3*z - 2*u. What is the units digit of z?
3
Let n be 1 - (-2 - 0) - 13. What is the units digit of ((-42)/(-10))/((-2)/n)?
1
Suppose -156 = -5*k + 44. What is the tens digit of k?
4
Suppose u - 304 = -5*q - 88, -4*u - 16 = 0. What is the units digit of q?
4
Let b(o) = 13*o**2 + 9*o - 3. Let j = -9 - -17. Let z(y) = 20*y**2 + 14*y - 5. Let x(l) = j*b(l) - 5*z(l). What is the units digit of x(-1)?
3
Let r(c) = -c**3 + 12*c**2 + 5*c + 21. What is the hundreds digit of r(11)?
1
What is the tens digit of (5 + -3)*(15 - -2)?
3
Suppose 2 = k - 0*k. Suppose -4*w - 21 = -3*c, -2*w + 14 = k*c + w. Let h = -3 + c. What is the units digit of h?
4
Let f(z) = z - 6. Let t be 0 - ((-3)/3 - 1). Suppose 0 = -3*m + t*m + 8. What is the units digit of f(m)?
2
Let q be (-4*1)/4 - -16. What is the tens digit of 3/q + (-114)/(-5)?
2
Let c(g) = g**3 - 2*g**2 - 4. Let l be c(3). Let m = 2 - l. Let w = m - -7. What is the units digit of w?
4
Let x be 22/((-2)/12*-3). What is the tens digit of -69*(x/12 - 4)?
2
Suppose -12 = -2*d - 3*p, 3*d + p + 13 = 8*d. Suppose -14 = 3*i - c - 43, 0 = d*i - 4*c - 35. What is the units digit of i?
9
Suppose -2*q = 2*r - 8, 0 = 2*r - 0*q - 2*q - 4. Let f(h) = -h**3 + 4*h**2 - 2*h - 4. Let i be f(r). What is the units digit of 28/8 + i/2?
3
Suppose 3*g = g. Suppose g = -5*n + n + 60. What is the units digit of n?
5
Let n(u) = -u**2 + u + 9. Let p be n(0). Let b = p + -5. What is the units digit of -1 + 2 + b/4?
2
Suppose 153 = 5*g - 3*f, 4*f = 5*g + 20 - 174. Suppose 2*p + g = 4*p. What is the tens digit of p?
1
Suppose -3*o = 4*h + 260, -o - 5*h = -1 + 106. What is the units digit of o/(-36) + 4/(-18)?
2
Let s = 14 + -7. Let q(t) = 2*t + s - 10*t - 10*t**2 - t**3 + 5. What is the units digit of q(-9)?
3
Let v(q) be the first derivative of -q**4/4 + 2*q**3 - 5*q**2/2 + q - 2. Let t be v(5). Suppose -t = 5*j - 6. What is the units digit of j?
1
Let u be ((-6)/5)/((-2)/(-10)). What is the units digit of -2 - (u - 2)/1?
6
Let s(i) = -i**2 + 12*i - 9. Let t be (-1 - 9/(-6))*20. What is the units digit of s(t)?
1
What is the hundreds digit of -2*(-219)/(-3)*-1?
1
Suppose -2*x + 110 = k + 29, 1 = -x. What is the units digit of k?
3
Let r(d) = -d**3 - 3*d**2 - 3*d - 1. Suppose 3*w = w - 44. Let u be 48/w - 4/(-22). What is the units digit of r(u)?
1
Let w be 1 - (1 - 5)*1. Let f(b) = -b**3 + 4*b**2 + 4*b + 5. Let a be f(w). Suppose a = -m + 3 + 4. What is the units digit of m?
7
Suppose -26 = -4*f + 6*y - y, 4*y - 4 = -3*f. What is the tens digit of 18 - (-2)/f*-2?
1
Suppose c + 5*u = -49, 0 = 5*c - 8*c + u - 99. Suppose -46 = -2*q + 3*q + 5*i, -4*q - 69 = -3*i. Let y = q - c. What is the tens digit of y?
1
Suppose 3*i = 24 - 9. Suppose i*k - 4*a - 48 = 0, 5*a + 14 = k + 2*a. What is the units digit of k?
8
What is the units digit of -2 + -2 + (-3)/(3/(-52))?
8
Suppose -6*q + 90 = -q. What is the tens digit of q?
1
Suppose 2*f - 2*d - 10 = 2*d, -f - 5*d + 5 = 0. Suppose -f*s + 21 = 1. Suppose -18 = -s*y + 14. What is the units digit of y?
8
Let t be (-15)/2*36/(-30). Let b = 14 - t. What is the units digit of b?
5
Suppose -3*c - 5*q = -1188, -c + 162 + 227 = 4*q. What is the hundreds digit of c?
4
Let f = -16 - -7. Let x(s) = -2*s + 9. Let k(r) = -3*r + 8. Let v(t) = 4*k(t) - 5*x(t). What is the units digit of v(f)?
5
Let d = 13 - -17. Let u = -2 + d. What is the tens digit of u?
2
Let h(m) = -7*m**3 + 8*m**2 + 8*m + 2. Let c(p) = p**3 - p**2 - p. Let t(i) = -6*c(i) - h(i). Let z be t(3). Suppose 5*l = 4 + z. What is the units digit of l?
1
What is the tens digit of (-7664)/(-32) - 2/4?
3
Let v(p) = -p - 7. Let r be v(-10). Suppose -29 - 25 = -r*f. What is the units digit of f?
8
Suppose -4*p = -8*p + 404. Suppose -4*r - 4*t + p = -t, 62 = 3*r + 5*t. What is the tens digit of r?
2
Let n(h) = 6*h**3 - 6*h + 50. Let s(x) = x**3 - x + 10. Let b(m) = -2*n(m) + 11*s(m). What is the units digit of b(0)?
0
Let g(b) = 6*b**2 + 3 - 3*b - 5*b**2 - 1. Let k be g(3). Suppose -3*h = -k*h - 3*p + 10, -4*h = 3*p - 20. What is the units digit of h?
2
Let p(o) = -o**3 - 10*o**2 + 17*o + 42. What is the tens digit of p(-13)?
2
Suppose 0 = -5*i - 9 + 24. Suppose i*f + 5*u = u + 20, u - 8 = -f. What is the tens digit of f?
1
Let d(p) = -p**3 + 4*p**2 + 5*p. Let s be (-43)/(-9) + 8/36. Let o be d(s). Suppose o*y + 3*y - 15 = 0. What is the units digit of y?
5
Suppose -30 = 4*q + 2*r, 17 = 3*q - r + 47. Let z = -5 - q. What is the units digit of 21/2 + (-6)/z?
9
Let s = -5 + 6. What is the units digit of 16/2 + (1 - s)?
8
Let g = -1 - -9. Let l(r) = -r - 2. Let x be l(-5). Suppose 4*p + 3*q = g, -q - x*q + 10 = 5*p. What is the units digit of p?
2
Let m be 0/(-2 + (4 - 0)). Suppose -104 = -4*v - m*v. What is the tens digit of v?
2
Suppose -11*r + 10*r = -140. What is the hundreds digit of r?
1
Let k(j) = -j**2 - 13*j + 23. What is the tens digit of k(-9)?
5
Let q be 2/6 - (-12)/18. Let z be (-1 + -1 - -7)/1. What is the units digit of (-4 - -6)*(z - q)?
8
Suppose a + 3*a = 0. Let g be 8/(-20) + (-177)/(-5). Suppose g = 5*o - a*o. What is the units digit of o?
7
Suppose -28 = 5*x + 2*q, -2*x - 5*q + 2*q = 9. Let h = x + 26. What is the tens digit of h?
2
Suppose -3*j = -4*j. Suppose -2*q = -f - 21 - j, -5*f + 3 = 2*q. What is the units digit of q?
9
Let b(i) = -33*i**3 - i**2 + 2*i - 1. What is the hundreds digit of b(-2)?
2
Let l(o) = -13*o - 6. What is the units digit of l(-19)?
1
Let k be 8/(-12)*3/(-2). Let d(b) = 6*b - 1. What is the units digit of d(k)?
5
Suppose 0 = y - 3*y + 12. Let o = 28 + y. What is the units digit of o?
4
Let q(u) = u**3 + 5*u**2 + 3*u - 5. Let t be q(-4). Let o(h) be the third derivative of h**5/15 + 3*h**2. What is the units digit of o(t)?
4
Let w(o) = -6*o - 3*o - 12*o**2 + 0*o**2 + o**3 - 3*o + 11. What is the units digit of w(13)?
4
Suppose -w - 6 - 5 = 0. Let o(y) = 2*y**2 + 2*y - 3. Let g be o(3). Let p = g + w. What is the tens digit of p?
1
Let v = 5 + 5. What is the units digit of v?
0
What is the hundreds digit of 4*1*(-3096)/(-32)?
3
Suppose -64 = -2*o + 2*v, -4*v = -8*v - 4. What is the tens digit of o?
3
Let i = -3 + 9. What is the units digit of 130/15 - 4/i?
8
Let k = -201 - -463. What is the units digit of k?
2
Let b = 669 - 447. What is the units digit of b?
2
Suppose 5*q + 425 = 3*n, 4*n - 620 = -0*q - 4*q. What is the tens digit of n?
5
Let s(d) = -d**3 + 5*d**2 - 2*d - 3. Suppose -4*y - 12 + 48 = 0. Let c be (-6)/y + 14/3. What is the units digit of s(c)?
5
What is the tens digit of 11*2/(10/15)?
3
Let w = 11 - 9. Let i = 94 + -19. Suppose 7*d = w*d + i. What is the tens digit of d?
1
Let j(z) = 2*z**2 + 4*z - 1. Let r be j(-3). Suppose 23 = 4*n - r. Suppose q + 1 = n. What is the units digit of q?
6
Let u(t) = -9*t - 5. What is the tens digit of u(-2)?
1
Suppose -4*d - n = -447, -4*n = -6 + 26. What is the tens digit of d?
1
Let x(y) = 1 + 2 - 6 + y. Let k be x(4). Let z = k - -1. What is the units digit of z?
2
Let g = 38 - 23. 